{"id":1816,"date":"2022-01-24T13:41:47","date_gmt":"2022-01-24T13:41:47","guid":{"rendered":"https:\/\/serfozoglutenfree.hu\/?post_type=product&#038;p=1816"},"modified":"2025-07-22T14:37:04","modified_gmt":"2025-07-22T14:37:04","slug":"cipo","status":"publish","type":"product","link":"https:\/\/serfozoglutenfree.hu\/?product=cipo","title":{"rendered":"Cip\u00f3"},"content":{"rendered":"<p><strong>\u00d6sszetev\u0151k<\/strong><\/p>\n<p>V\u00edz, glut\u00e9nmentes teljes ki\u0151rl\u00e9s\u0171 rizsliszt, teljes ki\u0151rl\u00e9s\u0171 bio zabliszt, bio t\u00e1pi\u00f3kaliszt, psyllium, bambuszrost, bio sz\u0171retlen almaecet, himalaya s\u00f3, sz\u00f3dbikarb\u00f3na, xanthan, \u00e9leszt\u0151, bio n\u00e1dcukor, citromsav<\/p>\n<p>Nett\u00f3 t\u00f6meg: 240g<\/p>\n<p><strong>T\u00e1panyag\/100g<\/strong><\/p>\n<p>Sz\u00e9nhidr\u00e1t: 34g Ebb\u0151l cukor 0,6g<\/p>\n<p>Feh\u00e9rje:3g<\/p>\n<p>Rost: 3,7g<\/p>\n<p>Tel\u00edtett zs\u00edr: 1g<\/p>\n<p>Tel\u00edtetlen zs\u00edr:0,4 g<\/p>\n<p>S\u00f3: 0,6 g<\/p>\n<p>Energia: 159 kcal 672kj<\/p>\n<p>&nbsp;<\/p>\n<p>Glut\u00e9nmentes, Sz\u00f3jamentes, Tart\u00f3s\u00edt\u00f3szermentes, Veg\u00e1n<\/p>\n","protected":false},"excerpt":{"rendered":"<p>Teljes ki\u0151rl\u00e9s\u0171, glut\u00e9nmentes, veg\u00e1n keny\u00e9r, ami val\u00f3di keny\u00e9r\u00e9lm\u00e9nyt ad.<\/p>\n<p>Els\u0151 k\u00f3stol\u00e1s ut\u00e1n garant\u00e1ljuk, hogy a rajong\u00f3ja leszel!<\/p>\n","protected":false},"featured_media":1817,"template":"","meta":{"_acf_changed":false,"_monsterinsights_skip_tracking":false,"_monsterinsights_sitenote_active":false,"_monsterinsights_sitenote_note":"","_monsterinsights_sitenote_category":0},"product_brand":[],"product_cat":[53],"product_tag":[],"class_list":{"0":"post-1816","1":"product","2":"type-product","3":"status-publish","4":"has-post-thumbnail","6":"product_cat-kenyerek","8":"first","9":"instock","10":"taxable","11":"shipping-taxable","12":"purchasable","13":"product-type-simple"},"acf":[],"yoast_head":"<!-- This site is optimized with the Yoast SEO plugin v26.6 - https:\/\/yoast.com\/wordpress\/plugins\/seo\/ -->\n<title>Cip\u00f3 - Serf\u0151z\u0151 Gluten Free Bakery<\/title>\n<meta name=\"robots\" content=\"index, follow, max-snippet:-1, max-image-preview:large, max-video-preview:-1\" \/>\n<link rel=\"canonical\" href=\"https:\/\/serfozoglutenfree.hu\/?product=cipo\" \/>\n<meta property=\"og:locale\" content=\"hu_HU\" \/>\n<meta property=\"og:type\" content=\"article\" \/>\n<meta property=\"og:title\" content=\"Cip\u00f3 - Serf\u0151z\u0151 Gluten Free Bakery\" \/>\n<meta property=\"og:description\" content=\"Teljes ki\u0151rl\u00e9s\u0171, glut\u00e9nmentes, veg\u00e1n keny\u00e9r, ami val\u00f3di keny\u00e9r\u00e9lm\u00e9nyt ad.  Els\u0151 k\u00f3stol\u00e1s ut\u00e1n garant\u00e1ljuk, hogy a rajong\u00f3ja leszel!\" \/>\n<meta property=\"og:url\" content=\"https:\/\/serfozoglutenfree.hu\/?product=cipo\" \/>\n<meta property=\"og:site_name\" content=\"Serf\u0151z\u0151 Gluten Free Bakery\" \/>\n<meta property=\"article:modified_time\" content=\"2025-07-22T14:37:04+00:00\" \/>\n<meta property=\"og:image\" content=\"https:\/\/serfozoglutenfree.hu\/wp-content\/uploads\/2022\/01\/IMG_3327.jpg\" \/>\n\t<meta property=\"og:image:width\" content=\"2000\" \/>\n\t<meta property=\"og:image:height\" content=\"1334\" \/>\n\t<meta property=\"og:image:type\" content=\"image\/jpeg\" \/>\n<meta name=\"twitter:card\" content=\"summary_large_image\" \/>\n<meta name=\"twitter:label1\" content=\"Becs\u00fclt olvas\u00e1si id\u0151\" \/>\n\t<meta name=\"twitter:data1\" content=\"1 perc\" \/>\n<script type=\"application\/ld+json\" class=\"yoast-schema-graph\">{\"@context\":\"https:\/\/schema.org\",\"@graph\":[{\"@type\":\"WebPage\",\"@id\":\"https:\/\/serfozoglutenfree.hu\/?product=cipo\",\"url\":\"https:\/\/serfozoglutenfree.hu\/?product=cipo\",\"name\":\"Cip\u00f3 - Serf\u0151z\u0151 Gluten Free Bakery\",\"isPartOf\":{\"@id\":\"https:\/\/serfozoglutenfree.hu\/#website\"},\"primaryImageOfPage\":{\"@id\":\"https:\/\/serfozoglutenfree.hu\/?product=cipo#primaryimage\"},\"image\":{\"@id\":\"https:\/\/serfozoglutenfree.hu\/?product=cipo#primaryimage\"},\"thumbnailUrl\":\"https:\/\/serfozoglutenfree.hu\/wp-content\/uploads\/2022\/01\/IMG_3327.jpg\",\"datePublished\":\"2022-01-24T13:41:47+00:00\",\"dateModified\":\"2025-07-22T14:37:04+00:00\",\"breadcrumb\":{\"@id\":\"https:\/\/serfozoglutenfree.hu\/?product=cipo#breadcrumb\"},\"inLanguage\":\"hu\",\"potentialAction\":[{\"@type\":\"ReadAction\",\"target\":[\"https:\/\/serfozoglutenfree.hu\/?product=cipo\"]}]},{\"@type\":\"ImageObject\",\"inLanguage\":\"hu\",\"@id\":\"https:\/\/serfozoglutenfree.hu\/?product=cipo#primaryimage\",\"url\":\"https:\/\/serfozoglutenfree.hu\/wp-content\/uploads\/2022\/01\/IMG_3327.jpg\",\"contentUrl\":\"https:\/\/serfozoglutenfree.hu\/wp-content\/uploads\/2022\/01\/IMG_3327.jpg\",\"width\":2000,\"height\":1334},{\"@type\":\"BreadcrumbList\",\"@id\":\"https:\/\/serfozoglutenfree.hu\/?product=cipo#breadcrumb\",\"itemListElement\":[{\"@type\":\"ListItem\",\"position\":1,\"name\":\"Home\",\"item\":\"https:\/\/serfozoglutenfree.hu\/\"},{\"@type\":\"ListItem\",\"position\":2,\"name\":\"Shop\",\"item\":\"https:\/\/serfozoglutenfree.hu\/?page_id=158\"},{\"@type\":\"ListItem\",\"position\":3,\"name\":\"Cip\u00f3\"}]},{\"@type\":\"WebSite\",\"@id\":\"https:\/\/serfozoglutenfree.hu\/#website\",\"url\":\"https:\/\/serfozoglutenfree.hu\/\",\"name\":\"Serf\u0151z\u0151 Gluten Free Bakery\",\"description\":\"Pr\u00e9mium min\u0151s\u00e9g\u0171 glut\u00e9nmentes, bio teljes ki\u0151rl\u00e9s\u0171 lisztekb\u0151l k\u00e9sz\u00fclt kenyerek cs\u00f6kkentett sz\u00e9nhidr\u00e1t-, magas rosttartalommal.\",\"potentialAction\":[{\"@type\":\"SearchAction\",\"target\":{\"@type\":\"EntryPoint\",\"urlTemplate\":\"https:\/\/serfozoglutenfree.hu\/?s={search_term_string}\"},\"query-input\":{\"@type\":\"PropertyValueSpecification\",\"valueRequired\":true,\"valueName\":\"search_term_string\"}}],\"inLanguage\":\"hu\"}]}<\/script>\n<!-- \/ Yoast SEO plugin. -->","yoast_head_json":{"title":"Cip\u00f3 - Serf\u0151z\u0151 Gluten Free Bakery","robots":{"index":"index","follow":"follow","max-snippet":"max-snippet:-1","max-image-preview":"max-image-preview:large","max-video-preview":"max-video-preview:-1"},"canonical":"https:\/\/serfozoglutenfree.hu\/?product=cipo","og_locale":"hu_HU","og_type":"article","og_title":"Cip\u00f3 - Serf\u0151z\u0151 Gluten Free Bakery","og_description":"Teljes ki\u0151rl\u00e9s\u0171, glut\u00e9nmentes, veg\u00e1n keny\u00e9r, ami val\u00f3di keny\u00e9r\u00e9lm\u00e9nyt ad.  Els\u0151 k\u00f3stol\u00e1s ut\u00e1n garant\u00e1ljuk, hogy a rajong\u00f3ja leszel!","og_url":"https:\/\/serfozoglutenfree.hu\/?product=cipo","og_site_name":"Serf\u0151z\u0151 Gluten Free Bakery","article_modified_time":"2025-07-22T14:37:04+00:00","og_image":[{"width":2000,"height":1334,"url":"https:\/\/serfozoglutenfree.hu\/wp-content\/uploads\/2022\/01\/IMG_3327.jpg","type":"image\/jpeg"}],"twitter_card":"summary_large_image","twitter_misc":{"Becs\u00fclt olvas\u00e1si id\u0151":"1 perc"},"schema":{"@context":"https:\/\/schema.org","@graph":[{"@type":"WebPage","@id":"https:\/\/serfozoglutenfree.hu\/?product=cipo","url":"https:\/\/serfozoglutenfree.hu\/?product=cipo","name":"Cip\u00f3 - Serf\u0151z\u0151 Gluten Free Bakery","isPartOf":{"@id":"https:\/\/serfozoglutenfree.hu\/#website"},"primaryImageOfPage":{"@id":"https:\/\/serfozoglutenfree.hu\/?product=cipo#primaryimage"},"image":{"@id":"https:\/\/serfozoglutenfree.hu\/?product=cipo#primaryimage"},"thumbnailUrl":"https:\/\/serfozoglutenfree.hu\/wp-content\/uploads\/2022\/01\/IMG_3327.jpg","datePublished":"2022-01-24T13:41:47+00:00","dateModified":"2025-07-22T14:37:04+00:00","breadcrumb":{"@id":"https:\/\/serfozoglutenfree.hu\/?product=cipo#breadcrumb"},"inLanguage":"hu","potentialAction":[{"@type":"ReadAction","target":["https:\/\/serfozoglutenfree.hu\/?product=cipo"]}]},{"@type":"ImageObject","inLanguage":"hu","@id":"https:\/\/serfozoglutenfree.hu\/?product=cipo#primaryimage","url":"https:\/\/serfozoglutenfree.hu\/wp-content\/uploads\/2022\/01\/IMG_3327.jpg","contentUrl":"https:\/\/serfozoglutenfree.hu\/wp-content\/uploads\/2022\/01\/IMG_3327.jpg","width":2000,"height":1334},{"@type":"BreadcrumbList","@id":"https:\/\/serfozoglutenfree.hu\/?product=cipo#breadcrumb","itemListElement":[{"@type":"ListItem","position":1,"name":"Home","item":"https:\/\/serfozoglutenfree.hu\/"},{"@type":"ListItem","position":2,"name":"Shop","item":"https:\/\/serfozoglutenfree.hu\/?page_id=158"},{"@type":"ListItem","position":3,"name":"Cip\u00f3"}]},{"@type":"WebSite","@id":"https:\/\/serfozoglutenfree.hu\/#website","url":"https:\/\/serfozoglutenfree.hu\/","name":"Serf\u0151z\u0151 Gluten Free Bakery","description":"Pr\u00e9mium min\u0151s\u00e9g\u0171 glut\u00e9nmentes, bio teljes ki\u0151rl\u00e9s\u0171 lisztekb\u0151l k\u00e9sz\u00fclt kenyerek cs\u00f6kkentett sz\u00e9nhidr\u00e1t-, magas rosttartalommal.","potentialAction":[{"@type":"SearchAction","target":{"@type":"EntryPoint","urlTemplate":"https:\/\/serfozoglutenfree.hu\/?s={search_term_string}"},"query-input":{"@type":"PropertyValueSpecification","valueRequired":true,"valueName":"search_term_string"}}],"inLanguage":"hu"}]}},"_links":{"self":[{"href":"https:\/\/serfozoglutenfree.hu\/index.php?rest_route=\/wp\/v2\/product\/1816","targetHints":{"allow":["GET"]}}],"collection":[{"href":"https:\/\/serfozoglutenfree.hu\/index.php?rest_route=\/wp\/v2\/product"}],"about":[{"href":"https:\/\/serfozoglutenfree.hu\/index.php?rest_route=\/wp\/v2\/types\/product"}],"wp:featuredmedia":[{"embeddable":true,"href":"https:\/\/serfozoglutenfree.hu\/index.php?rest_route=\/wp\/v2\/media\/1817"}],"wp:attachment":[{"href":"https:\/\/serfozoglutenfree.hu\/index.php?rest_route=%2Fwp%2Fv2%2Fmedia&parent=1816"}],"wp:term":[{"taxonomy":"product_brand","embeddable":true,"href":"https:\/\/serfozoglutenfree.hu\/index.php?rest_route=%2Fwp%2Fv2%2Fproduct_brand&post=1816"},{"taxonomy":"product_cat","embeddable":true,"href":"https:\/\/serfozoglutenfree.hu\/index.php?rest_route=%2Fwp%2Fv2%2Fproduct_cat&post=1816"},{"taxonomy":"product_tag","embeddable":true,"href":"https:\/\/serfozoglutenfree.hu\/index.php?rest_route=%2Fwp%2Fv2%2Fproduct_tag&post=1816"}],"curies":[{"name":"wp","href":"https:\/\/api.w.org\/{rel}","templated":true}]}}