{"id":618,"date":"2020-12-09T22:02:32","date_gmt":"2020-12-09T22:02:32","guid":{"rendered":"https:\/\/serfozoglutenfree.hu\/?page_id=618"},"modified":"2025-02-10T11:35:54","modified_gmt":"2025-02-10T11:35:54","slug":"glutenmentes-desszertek","status":"publish","type":"page","link":"https:\/\/serfozoglutenfree.hu\/?page_id=618","title":{"rendered":"Desszertek"},"content":{"rendered":"\t\t<div data-elementor-type=\"wp-page\" data-elementor-id=\"618\" class=\"elementor elementor-618\">\n\t\t\t\t\t\t<section class=\"elementor-section elementor-top-section elementor-element elementor-element-1be142b elementor-section-full_width elementor-reverse-mobile elementor-section-height-default elementor-section-height-default\" data-id=\"1be142b\" data-element_type=\"section\" data-settings=\"{&quot;background_background&quot;:&quot;classic&quot;}\">\n\t\t\t\t\t\t<div class=\"elementor-container elementor-column-gap-no\">\n\t\t\t\t\t<div class=\"elementor-column elementor-col-50 elementor-top-column elementor-element elementor-element-22dcdae\" data-id=\"22dcdae\" data-element_type=\"column\">\n\t\t\t<div class=\"elementor-widget-wrap elementor-element-populated\">\n\t\t\t\t\t\t<div class=\"elementor-element elementor-element-3b9b780 elementor-widget elementor-widget-heading\" data-id=\"3b9b780\" data-element_type=\"widget\" data-widget_type=\"heading.default\">\n\t\t\t\t<div class=\"elementor-widget-container\">\n\t\t\t\t\t<h1 class=\"elementor-heading-title elementor-size-default\">Desszertek<\/h1>\t\t\t\t<\/div>\n\t\t\t\t<\/div>\n\t\t\t\t<div class=\"elementor-element elementor-element-374d2e4 elementor-widget elementor-widget-raven-button\" data-id=\"374d2e4\" data-element_type=\"widget\" data-settings=\"{&quot;turn_to_popup_action_button&quot;:&quot;no&quot;}\" data-widget_type=\"raven-button.default\">\n\t\t\t\t<div class=\"elementor-widget-container\">\n\t\t\t\t\t\t\t<div class=\"raven-widget-wrapper\">\n\t\t\t<a class=\"raven-button raven-button-widget-normal-effect-none  raven-button-text-align-center raven-button-link elementor-animation-none\" href=\"https:\/\/serfozoglutenfree.hu\/desszertek\/\">\t\t\t\t<div class=\"raven-button-overlay\" ><\/div>\n\t\t\t\t<span class=\"raven-button-content\">\n\t\t\t\t\t\n\t\t\t\t\t<div class=\"button-text-container\">\n\t\t\t\t\t\t\t\t\t\t\t\t<div class=\"raven-button-texts-wrapper\">\n\t\t\t\t\t\t\t<div class=\"button-text\">\n\t\t\t\t\t\t\t\t<span class=\"raven-button-text\">\n\t\t\t\t\t\t\t\t\trendelj most\t\t\t\t\t\t\t\t<\/span>\n\t\t\t\t\t\t\t<\/div>\n\t\t\t\t\t\t\t\t\t\t\t\t\t<\/div>\n\t\t\t\t\t\t\t\t\t\t\t<\/div>\n\t\t\t\t\t\n\t\t\t\t\t\t\t\t\t<\/span>\n\t\t\t<\/a>\t\t<\/div>\n\t\t\t\t\t\t<\/div>\n\t\t\t\t<\/div>\n\t\t\t\t\t<\/div>\n\t\t<\/div>\n\t\t\t\t<div class=\"elementor-column elementor-col-50 elementor-top-column elementor-element elementor-element-6035fef\" data-id=\"6035fef\" data-element_type=\"column\">\n\t\t\t<div class=\"elementor-widget-wrap elementor-element-populated\">\n\t\t\t\t\t\t<div class=\"elementor-element elementor-element-0d6376a elementor-widget elementor-widget-raven-image\" data-id=\"0d6376a\" data-element_type=\"widget\" data-widget_type=\"raven-image.default\">\n\t\t\t\t<div class=\"elementor-widget-container\">\n\t\t\t\t\t\t\t<div class=\"raven-image\">\n\t\t\n\t\t\n\t\t<img fetchpriority=\"high\" decoding=\"async\" width=\"2536\" height=\"2560\" src=\"https:\/\/serfozoglutenfree.hu\/wp-content\/uploads\/2020\/12\/Dessztertek-cover-scaled.jpg\" class=\"attachment-full size-full wp-image-795\" alt=\"\" srcset=\"https:\/\/serfozoglutenfree.hu\/wp-content\/uploads\/2020\/12\/Dessztertek-cover-scaled.jpg 2536w, https:\/\/serfozoglutenfree.hu\/wp-content\/uploads\/2020\/12\/Dessztertek-cover-297x300.jpg 297w, https:\/\/serfozoglutenfree.hu\/wp-content\/uploads\/2020\/12\/Dessztertek-cover-1014x1024.jpg 1014w, https:\/\/serfozoglutenfree.hu\/wp-content\/uploads\/2020\/12\/Dessztertek-cover-150x150.jpg 150w, https:\/\/serfozoglutenfree.hu\/wp-content\/uploads\/2020\/12\/Dessztertek-cover-768x775.jpg 768w, https:\/\/serfozoglutenfree.hu\/wp-content\/uploads\/2020\/12\/Dessztertek-cover-1522x1536.jpg 1522w, https:\/\/serfozoglutenfree.hu\/wp-content\/uploads\/2020\/12\/Dessztertek-cover-2029x2048.jpg 2029w, https:\/\/serfozoglutenfree.hu\/wp-content\/uploads\/2020\/12\/Dessztertek-cover-600x606.jpg 600w, https:\/\/serfozoglutenfree.hu\/wp-content\/uploads\/2020\/12\/Dessztertek-cover-100x100.jpg 100w\" sizes=\"(max-width: 2536px) 100vw, 2536px\" \/>\t\t<\/div>\n\t\t\t\t\t\t<\/div>\n\t\t\t\t<\/div>\n\t\t\t\t\t<\/div>\n\t\t<\/div>\n\t\t\t\t\t<\/div>\n\t\t<\/section>\n\t\t\t\t<section class=\"elementor-section elementor-top-section elementor-element elementor-element-e0590f3 elementor-section-boxed elementor-section-height-default elementor-section-height-default\" data-id=\"e0590f3\" data-element_type=\"section\">\n\t\t\t\t\t\t<div class=\"elementor-container elementor-column-gap-no\">\n\t\t\t\t\t<div class=\"elementor-column elementor-col-100 elementor-top-column elementor-element elementor-element-aab8496\" data-id=\"aab8496\" data-element_type=\"column\">\n\t\t\t<div class=\"elementor-widget-wrap elementor-element-populated\">\n\t\t\t\t\t\t<div class=\"elementor-element elementor-element-a4d83e7 elementor-align-center elementor-widget elementor-widget-raven-heading\" data-id=\"a4d83e7\" data-element_type=\"widget\" data-widget_type=\"raven-heading.default\">\n\t\t\t\t<div class=\"elementor-widget-container\">\n\t\t\t\t\t\t\t<div class=\"raven-widget-wrapper\"><h2 class=\"raven-heading raven-heading-h2 raven-heading-norman-single\"><span class=\"raven-heading-title \">Desszertek<\/span><\/h2><\/div>\n\t\t\t\t\t\t<\/div>\n\t\t\t\t<\/div>\n\t\t\t\t<div class=\"elementor-element elementor-element-f45c59e elementor-widget elementor-widget-spacer\" data-id=\"f45c59e\" data-element_type=\"widget\" data-widget_type=\"spacer.default\">\n\t\t\t\t<div class=\"elementor-widget-container\">\n\t\t\t\t\t\t\t<div class=\"elementor-spacer\">\n\t\t\t<div class=\"elementor-spacer-inner\"><\/div>\n\t\t<\/div>\n\t\t\t\t\t\t<\/div>\n\t\t\t\t<\/div>\n\t\t\t\t<div class=\"elementor-element elementor-element-4bcdab9 elementor-widget elementor-widget-text-editor\" data-id=\"4bcdab9\" data-element_type=\"widget\" data-widget_type=\"text-editor.default\">\n\t\t\t\t<div class=\"elementor-widget-container\">\n\t\t\t\t\t\t\t\t\t<p><span style=\"font-weight: 400;\">\u201cEnn\u00e9l \u00e9n finomabbat k\u00e9sz\u00edtek!\u201d<\/span><\/p><p><span style=\"font-weight: 400;\"> Ezzel a mondattal indult a glut\u00e9nmentes p\u00e9ks\u00e9g s\u00fctem\u00e9ny szekci\u00f3ja. Az id\u00e9zett szavak egy mentes boltban hangzottak el M\u00e1rti sz\u00e1j\u00e1b\u00f3l, miut\u00e1n megk\u00f3stolta az egyik s\u00fctem\u00e9nyt. Mint kider\u00fclt a pult t\u00faloldal\u00e1n maga a tulajdonos \u00e1llt, aki nyitott volt egy k\u00f3stol\u00f3ra, \u00edgy M\u00e1rti hazament \u00e9s \u00f6sszek\u00e9sz\u00edtett neki egy kos\u00e1rra val\u00f3t azokb\u00f3l a glut\u00e9n, lakt\u00f3z \u00e9s cukormentes s\u00fctem\u00e9nyeib\u0151l, amik a bar\u00e1tik k\u00f6r\u00e9ben a legnagyobb sikereket aratt\u00e1k. A bemutatkoz\u00f3 olyan j\u00f3l siker\u00fclt, hogy a Serf\u0151z\u0151 Gluten Free Bakery els\u0151 hivatalos megrendel\u0151je lett a \u00fczlet. Az\u00f3ta pedig folyamatosan n\u00f6vekszik a term\u00e9kpaletta. <\/span><\/p><p><span style=\"font-weight: 400;\">Komoly rajong\u00f3t\u00e1bora van a mandula bejgliknek, m\u00e9zeskal\u00e1csoknak, s\u00f3pelyhes kekszeknek, mint ahogy a mang\u00f3-lime, piemontei mogyor\u00f3 \u00e9s epres sajttort\u00e1\u00e9rt is <\/span><span style=\"font-weight: 400;\">od\u00e1ig vannak <\/span><span style=\"font-weight: 400;\">a v\u00e1s\u00e1rl\u00f3k.<\/span><\/p><p><span style=\"font-weight: 400;\">V\u00e1logass kedvedre glut\u00e9nmentes s\u00fctem\u00e9nyeinkb\u0151l, \u00e9s n\u00e9zd meg a k\u00fcl\u00f6nleges kar\u00e1csonyi csomagokat is.<\/span><\/p>\t\t\t\t\t\t\t\t<\/div>\n\t\t\t\t<\/div>\n\t\t\t\t\t<\/div>\n\t\t<\/div>\n\t\t\t\t\t<\/div>\n\t\t<\/section>\n\t\t\t\t<section class=\"elementor-section elementor-top-section elementor-element elementor-element-edf5c59 elementor-section-boxed elementor-section-height-default elementor-section-height-default\" data-id=\"edf5c59\" data-element_type=\"section\">\n\t\t\t\t\t\t<div class=\"elementor-container elementor-column-gap-default\">\n\t\t\t\t\t<div class=\"elementor-column elementor-col-100 elementor-top-column elementor-element elementor-element-bc0558d\" data-id=\"bc0558d\" data-element_type=\"column\">\n\t\t\t<div class=\"elementor-widget-wrap elementor-element-populated\">\n\t\t\t\t\t\t<div class=\"elementor-element elementor-element-032dcf0 elementor-widget elementor-widget-raven-wc-products\" data-id=\"032dcf0\" data-element_type=\"widget\" data-settings=\"{&quot;query_orderby&quot;:&quot;date&quot;,&quot;query_order&quot;:&quot;DESC&quot;,&quot;layout&quot;:&quot;default&quot;,&quot;columns&quot;:&quot;3&quot;,&quot;rows&quot;:&quot;3&quot;}\" data-widget_type=\"raven-wc-products.default\">\n\t\t\t\t<div class=\"elementor-widget-container\">\n\t\t\t\t\t\t\t<div\n\t\t\tclass=\"raven-wc-products-wrapper raven-wc-products-default\"\n\t\t\tdata-settings=\"{&quot;layout&quot;:&quot;default&quot;,&quot;total_pages&quot;:1,&quot;image_size&quot;:&quot;woocommerce_thumbnail&quot;,&quot;atc_button&quot;:&quot;&quot;}\"\n\t\t\tdata-query=\"{&quot;fallback_filter&quot;:null,&quot;\\u0000*\\u0000type&quot;:&quot;products&quot;,&quot;\\u0000*\\u0000attributes&quot;:{&quot;limit&quot;:9,&quot;columns&quot;:&quot;3&quot;,&quot;rows&quot;:&quot;3&quot;,&quot;orderby&quot;:&quot;date&quot;,&quot;order&quot;:&quot;DESC&quot;,&quot;ids&quot;:&quot;&quot;,&quot;skus&quot;:&quot;&quot;,&quot;category&quot;:&quot;&quot;,&quot;cat_operator&quot;:&quot;IN&quot;,&quot;attribute&quot;:&quot;&quot;,&quot;terms&quot;:&quot;&quot;,&quot;terms_operator&quot;:&quot;IN&quot;,&quot;tag&quot;:&quot;&quot;,&quot;tag_operator&quot;:&quot;IN&quot;,&quot;visibility&quot;:&quot;visible&quot;,&quot;class&quot;:&quot;&quot;,&quot;page&quot;:1,&quot;paginate&quot;:false,&quot;cache&quot;:true,&quot;brand&quot;:&quot;&quot;,&quot;brand_operator&quot;:&quot;IN&quot;},&quot;\\u0000*\\u0000query_args&quot;:{&quot;post_type&quot;:&quot;product&quot;,&quot;post_status&quot;:&quot;publish&quot;,&quot;ignore_sticky_posts&quot;:true,&quot;no_found_rows&quot;:true,&quot;orderby&quot;:&quot;date ID&quot;,&quot;order&quot;:&quot;DESC&quot;,&quot;posts_per_page&quot;:9,&quot;meta_query&quot;:[],&quot;tax_query&quot;:[{&quot;taxonomy&quot;:&quot;product_visibility&quot;,&quot;field&quot;:&quot;term_taxonomy_id&quot;,&quot;terms&quot;:[4],&quot;operator&quot;:&quot;NOT IN&quot;}],&quot;post__in&quot;:[&quot;&quot;],&quot;fields&quot;:&quot;ids&quot;},&quot;\\u0000*\\u0000custom_visibility&quot;:false,&quot;context_id&quot;:&quot;ctx_0&quot;}\"\n\t\t\t\t\t>\n\t\t\t<div class=\"woocommerce columns-3 \"><\/div>\t\t<\/div>\n\t\t\t\t\t\t<\/div>\n\t\t\t\t<\/div>\n\t\t\t\t\t<\/div>\n\t\t<\/div>\n\t\t\t\t\t<\/div>\n\t\t<\/section>\n\t\t\t\t<section class=\"elementor-section elementor-top-section elementor-element elementor-element-205a8dd elementor-section-boxed elementor-section-height-default elementor-section-height-default\" data-id=\"205a8dd\" data-element_type=\"section\">\n\t\t\t\t\t\t<div class=\"elementor-container elementor-column-gap-default\">\n\t\t\t\t\t<div class=\"elementor-column elementor-col-100 elementor-top-column elementor-element elementor-element-1fb7ebb\" data-id=\"1fb7ebb\" data-element_type=\"column\">\n\t\t\t<div class=\"elementor-widget-wrap elementor-element-populated\">\n\t\t\t\t\t\t<div class=\"elementor-element elementor-element-8d8df03 elementor-widget elementor-widget-raven-wc-products\" data-id=\"8d8df03\" data-element_type=\"widget\" data-settings=\"{&quot;query_orderby&quot;:&quot;date&quot;,&quot;query_order&quot;:&quot;DESC&quot;,&quot;query_offset&quot;:0,&quot;layout&quot;:&quot;default&quot;,&quot;columns&quot;:&quot;3&quot;,&quot;rows&quot;:&quot;3&quot;}\" data-widget_type=\"raven-wc-products.default\">\n\t\t\t\t<div class=\"elementor-widget-container\">\n\t\t\t\t\t\t\t<div\n\t\t\tclass=\"raven-wc-products-wrapper raven-wc-products-default\"\n\t\t\tdata-settings=\"{&quot;layout&quot;:&quot;default&quot;,&quot;total_pages&quot;:1,&quot;image_size&quot;:&quot;woocommerce_thumbnail&quot;,&quot;atc_button&quot;:&quot;&quot;}\"\n\t\t\tdata-query=\"{&quot;fallback_filter&quot;:null,&quot;\\u0000*\\u0000type&quot;:&quot;products&quot;,&quot;\\u0000*\\u0000attributes&quot;:{&quot;limit&quot;:9,&quot;columns&quot;:&quot;3&quot;,&quot;rows&quot;:&quot;3&quot;,&quot;orderby&quot;:&quot;date&quot;,&quot;order&quot;:&quot;DESC&quot;,&quot;ids&quot;:&quot;&quot;,&quot;skus&quot;:&quot;&quot;,&quot;category&quot;:&quot;59&quot;,&quot;cat_operator&quot;:&quot;IN&quot;,&quot;attribute&quot;:&quot;&quot;,&quot;terms&quot;:&quot;&quot;,&quot;terms_operator&quot;:&quot;IN&quot;,&quot;tag&quot;:&quot;&quot;,&quot;tag_operator&quot;:&quot;IN&quot;,&quot;visibility&quot;:&quot;visible&quot;,&quot;class&quot;:&quot;&quot;,&quot;page&quot;:1,&quot;paginate&quot;:false,&quot;cache&quot;:true,&quot;brand&quot;:&quot;&quot;,&quot;brand_operator&quot;:&quot;IN&quot;},&quot;\\u0000*\\u0000query_args&quot;:{&quot;post_type&quot;:&quot;product&quot;,&quot;post_status&quot;:&quot;publish&quot;,&quot;ignore_sticky_posts&quot;:true,&quot;no_found_rows&quot;:true,&quot;orderby&quot;:&quot;date ID&quot;,&quot;order&quot;:&quot;DESC&quot;,&quot;posts_per_page&quot;:9,&quot;meta_query&quot;:[],&quot;tax_query&quot;:[{&quot;taxonomy&quot;:&quot;product_visibility&quot;,&quot;field&quot;:&quot;term_taxonomy_id&quot;,&quot;terms&quot;:[4],&quot;operator&quot;:&quot;NOT IN&quot;},{&quot;taxonomy&quot;:&quot;product_cat&quot;,&quot;terms&quot;:[59],&quot;field&quot;:&quot;term_id&quot;,&quot;operator&quot;:&quot;IN&quot;,&quot;include_children&quot;:true}],&quot;fields&quot;:&quot;ids&quot;},&quot;\\u0000*\\u0000custom_visibility&quot;:false,&quot;context_id&quot;:&quot;ctx_1&quot;}\"\n\t\t\t\t\t>\n\t\t\t<h2 class=\"raven-wc-products-title\"><\/h2><div class=\"woocommerce columns-3 \"><ul class=\"products columns-3\">\n<li class=\"product type-product post-1401 status-publish first instock product_cat-desszertek product_tag-desszertek has-post-thumbnail taxable shipping-taxable purchasable product-type-simple\">\n\t<a href=\"https:\/\/serfozoglutenfree.hu\/?product=epres-sajttorta\" class=\"woocommerce-LoopProduct-link woocommerce-loop-product__link\"><\/a><a href=\"\/index.php?rest_route=%2Fwp%2Fv2%2Fpages%2F618&#038;add-to-cart=1401\" aria-describedby=\"woocommerce_loop_add_to_cart_link_describedby_1401\" data-quantity=\"1\" class=\"button product_type_simple add_to_cart_button ajax_add_to_cart\" data-product_id=\"1401\" data-product_sku=\"\" aria-label=\"Kos\u00e1rba: &ldquo;Epres &quot;sajttorta&rdquo;\" rel=\"nofollow\" data-success_message=\"&ldquo;Epres &quot;sajttorta&rdquo; has been added to your cart\" role=\"button\">Kos\u00e1rba teszem<\/a>\t<span id=\"woocommerce_loop_add_to_cart_link_describedby_1401\" class=\"screen-reader-text\">\n\t\t\t<\/span>\n<\/li>\n<\/ul>\n<\/div>\t\t<\/div>\n\t\t\t\t\t\t<\/div>\n\t\t\t\t<\/div>\n\t\t\t\t\t<\/div>\n\t\t<\/div>\n\t\t\t\t\t<\/div>\n\t\t<\/section>\n\t\t\t\t<\/div>\n\t\t","protected":false},"excerpt":{"rendered":"<p>Desszertek rendelj most Desszertek \u201cEnn\u00e9l \u00e9n finomabbat k\u00e9sz\u00edtek!\u201d Ezzel a mondattal indult a glut\u00e9nmentes p\u00e9ks\u00e9g s\u00fctem\u00e9ny szekci\u00f3ja. Az id\u00e9zett szavak egy mentes boltban hangzottak el M\u00e1rti sz\u00e1j\u00e1b\u00f3l, miut\u00e1n megk\u00f3stolta az egyik s\u00fctem\u00e9nyt. Mint kider\u00fclt a pult t\u00faloldal\u00e1n maga a tulajdonos \u00e1llt, aki nyitott volt egy k\u00f3stol\u00f3ra, \u00edgy M\u00e1rti hazament \u00e9s \u00f6sszek\u00e9sz\u00edtett neki egy kos\u00e1rra val\u00f3t [&hellip;]<\/p>\n","protected":false},"author":2,"featured_media":0,"parent":0,"menu_order":0,"comment_status":"closed","ping_status":"closed","template":"full-width.php","meta":{"_acf_changed":false,"_monsterinsights_skip_tracking":false,"_monsterinsights_sitenote_active":false,"_monsterinsights_sitenote_note":"","_monsterinsights_sitenote_category":0,"footnotes":""},"class_list":["post-618","page","type-page","status-publish","hentry"],"acf":[],"yoast_head":"<!-- This site is optimized with the Yoast SEO plugin v26.6 - https:\/\/yoast.com\/wordpress\/plugins\/seo\/ -->\n<title>Glut\u00e9nmentes desszertek<\/title>\n<meta name=\"description\" content=\"\u201cEnn\u00e9l \u00e9n finomabbat k\u00e9sz\u00edtek!\u201d Ezzel a mondattal indult a glut\u00e9nmentes p\u00e9ks\u00e9g s\u00fctem\u00e9ny szekci\u00f3ja. Az id\u00e9zett szavak egy mentes boltban hangzottak el M\u00e1rti sz\u00e1j\u00e1b\u00f3l, miut\u00e1n megk\u00f3stolta az egyik s\u00fctem\u00e9nyt.\" \/>\n<meta name=\"robots\" content=\"index, follow, max-snippet:-1, max-image-preview:large, max-video-preview:-1\" \/>\n<link rel=\"canonical\" href=\"https:\/\/serfozoglutenfree.hu\/?page_id=618\" \/>\n<meta property=\"og:locale\" content=\"hu_HU\" \/>\n<meta property=\"og:type\" content=\"article\" \/>\n<meta property=\"og:title\" content=\"Glut\u00e9nmentes desszertek\" \/>\n<meta property=\"og:description\" content=\"\u201cEnn\u00e9l \u00e9n finomabbat k\u00e9sz\u00edtek!\u201d Ezzel a mondattal indult a glut\u00e9nmentes p\u00e9ks\u00e9g s\u00fctem\u00e9ny szekci\u00f3ja. Az id\u00e9zett szavak egy mentes boltban hangzottak el M\u00e1rti sz\u00e1j\u00e1b\u00f3l, miut\u00e1n megk\u00f3stolta az egyik s\u00fctem\u00e9nyt.\" \/>\n<meta property=\"og:url\" content=\"https:\/\/serfozoglutenfree.hu\/?page_id=618\" \/>\n<meta property=\"og:site_name\" content=\"Serf\u0151z\u0151 Gluten Free Bakery\" \/>\n<meta property=\"article:modified_time\" content=\"2025-02-10T11:35:54+00:00\" \/>\n<meta property=\"og:image\" content=\"https:\/\/serfozoglutenfree.hu\/wp-content\/uploads\/2020\/12\/Dessztertek-cover-scaled.jpg\" \/>\n\t<meta property=\"og:image:width\" content=\"2536\" \/>\n\t<meta property=\"og:image:height\" content=\"2560\" \/>\n\t<meta property=\"og:image:type\" content=\"image\/jpeg\" \/>\n<meta name=\"twitter:card\" content=\"summary_large_image\" \/>\n<meta name=\"twitter:label1\" content=\"Becs\u00fclt olvas\u00e1si id\u0151\" \/>\n\t<meta name=\"twitter:data1\" content=\"2 perc\" \/>\n<script type=\"application\/ld+json\" class=\"yoast-schema-graph\">{\"@context\":\"https:\/\/schema.org\",\"@graph\":[{\"@type\":\"WebPage\",\"@id\":\"https:\/\/serfozoglutenfree.hu\/?page_id=618\",\"url\":\"https:\/\/serfozoglutenfree.hu\/?page_id=618\",\"name\":\"Glut\u00e9nmentes desszertek\",\"isPartOf\":{\"@id\":\"https:\/\/serfozoglutenfree.hu\/#website\"},\"primaryImageOfPage\":{\"@id\":\"https:\/\/serfozoglutenfree.hu\/?page_id=618#primaryimage\"},\"image\":{\"@id\":\"https:\/\/serfozoglutenfree.hu\/?page_id=618#primaryimage\"},\"thumbnailUrl\":\"https:\/\/serfozoglutenfree.hu\/wp-content\/uploads\/2020\/12\/Dessztertek-cover-scaled.jpg\",\"datePublished\":\"2020-12-09T22:02:32+00:00\",\"dateModified\":\"2025-02-10T11:35:54+00:00\",\"description\":\"\u201cEnn\u00e9l \u00e9n finomabbat k\u00e9sz\u00edtek!\u201d Ezzel a mondattal indult a glut\u00e9nmentes p\u00e9ks\u00e9g s\u00fctem\u00e9ny szekci\u00f3ja. Az id\u00e9zett szavak egy mentes boltban hangzottak el M\u00e1rti sz\u00e1j\u00e1b\u00f3l, miut\u00e1n megk\u00f3stolta az egyik s\u00fctem\u00e9nyt.\",\"breadcrumb\":{\"@id\":\"https:\/\/serfozoglutenfree.hu\/?page_id=618#breadcrumb\"},\"inLanguage\":\"hu\",\"potentialAction\":[{\"@type\":\"ReadAction\",\"target\":[\"https:\/\/serfozoglutenfree.hu\/?page_id=618\"]}]},{\"@type\":\"ImageObject\",\"inLanguage\":\"hu\",\"@id\":\"https:\/\/serfozoglutenfree.hu\/?page_id=618#primaryimage\",\"url\":\"https:\/\/serfozoglutenfree.hu\/wp-content\/uploads\/2020\/12\/Dessztertek-cover-scaled.jpg\",\"contentUrl\":\"https:\/\/serfozoglutenfree.hu\/wp-content\/uploads\/2020\/12\/Dessztertek-cover-scaled.jpg\",\"width\":2536,\"height\":2560},{\"@type\":\"BreadcrumbList\",\"@id\":\"https:\/\/serfozoglutenfree.hu\/?page_id=618#breadcrumb\",\"itemListElement\":[{\"@type\":\"ListItem\",\"position\":1,\"name\":\"Home\",\"item\":\"https:\/\/serfozoglutenfree.hu\/\"},{\"@type\":\"ListItem\",\"position\":2,\"name\":\"Desszertek\"}]},{\"@type\":\"WebSite\",\"@id\":\"https:\/\/serfozoglutenfree.hu\/#website\",\"url\":\"https:\/\/serfozoglutenfree.hu\/\",\"name\":\"Serf\u0151z\u0151 Gluten Free Bakery\",\"description\":\"Pr\u00e9mium min\u0151s\u00e9g\u0171 glut\u00e9nmentes, bio teljes ki\u0151rl\u00e9s\u0171 lisztekb\u0151l k\u00e9sz\u00fclt kenyerek cs\u00f6kkentett sz\u00e9nhidr\u00e1t-, magas rosttartalommal.\",\"potentialAction\":[{\"@type\":\"SearchAction\",\"target\":{\"@type\":\"EntryPoint\",\"urlTemplate\":\"https:\/\/serfozoglutenfree.hu\/?s={search_term_string}\"},\"query-input\":{\"@type\":\"PropertyValueSpecification\",\"valueRequired\":true,\"valueName\":\"search_term_string\"}}],\"inLanguage\":\"hu\"}]}<\/script>\n<!-- \/ Yoast SEO plugin. -->","yoast_head_json":{"title":"Glut\u00e9nmentes desszertek","description":"\u201cEnn\u00e9l \u00e9n finomabbat k\u00e9sz\u00edtek!\u201d Ezzel a mondattal indult a glut\u00e9nmentes p\u00e9ks\u00e9g s\u00fctem\u00e9ny szekci\u00f3ja. Az id\u00e9zett szavak egy mentes boltban hangzottak el M\u00e1rti sz\u00e1j\u00e1b\u00f3l, miut\u00e1n megk\u00f3stolta az egyik s\u00fctem\u00e9nyt.","robots":{"index":"index","follow":"follow","max-snippet":"max-snippet:-1","max-image-preview":"max-image-preview:large","max-video-preview":"max-video-preview:-1"},"canonical":"https:\/\/serfozoglutenfree.hu\/?page_id=618","og_locale":"hu_HU","og_type":"article","og_title":"Glut\u00e9nmentes desszertek","og_description":"\u201cEnn\u00e9l \u00e9n finomabbat k\u00e9sz\u00edtek!\u201d Ezzel a mondattal indult a glut\u00e9nmentes p\u00e9ks\u00e9g s\u00fctem\u00e9ny szekci\u00f3ja. Az id\u00e9zett szavak egy mentes boltban hangzottak el M\u00e1rti sz\u00e1j\u00e1b\u00f3l, miut\u00e1n megk\u00f3stolta az egyik s\u00fctem\u00e9nyt.","og_url":"https:\/\/serfozoglutenfree.hu\/?page_id=618","og_site_name":"Serf\u0151z\u0151 Gluten Free Bakery","article_modified_time":"2025-02-10T11:35:54+00:00","og_image":[{"width":2536,"height":2560,"url":"https:\/\/serfozoglutenfree.hu\/wp-content\/uploads\/2020\/12\/Dessztertek-cover-scaled.jpg","type":"image\/jpeg"}],"twitter_card":"summary_large_image","twitter_misc":{"Becs\u00fclt olvas\u00e1si id\u0151":"2 perc"},"schema":{"@context":"https:\/\/schema.org","@graph":[{"@type":"WebPage","@id":"https:\/\/serfozoglutenfree.hu\/?page_id=618","url":"https:\/\/serfozoglutenfree.hu\/?page_id=618","name":"Glut\u00e9nmentes desszertek","isPartOf":{"@id":"https:\/\/serfozoglutenfree.hu\/#website"},"primaryImageOfPage":{"@id":"https:\/\/serfozoglutenfree.hu\/?page_id=618#primaryimage"},"image":{"@id":"https:\/\/serfozoglutenfree.hu\/?page_id=618#primaryimage"},"thumbnailUrl":"https:\/\/serfozoglutenfree.hu\/wp-content\/uploads\/2020\/12\/Dessztertek-cover-scaled.jpg","datePublished":"2020-12-09T22:02:32+00:00","dateModified":"2025-02-10T11:35:54+00:00","description":"\u201cEnn\u00e9l \u00e9n finomabbat k\u00e9sz\u00edtek!\u201d Ezzel a mondattal indult a glut\u00e9nmentes p\u00e9ks\u00e9g s\u00fctem\u00e9ny szekci\u00f3ja. Az id\u00e9zett szavak egy mentes boltban hangzottak el M\u00e1rti sz\u00e1j\u00e1b\u00f3l, miut\u00e1n megk\u00f3stolta az egyik s\u00fctem\u00e9nyt.","breadcrumb":{"@id":"https:\/\/serfozoglutenfree.hu\/?page_id=618#breadcrumb"},"inLanguage":"hu","potentialAction":[{"@type":"ReadAction","target":["https:\/\/serfozoglutenfree.hu\/?page_id=618"]}]},{"@type":"ImageObject","inLanguage":"hu","@id":"https:\/\/serfozoglutenfree.hu\/?page_id=618#primaryimage","url":"https:\/\/serfozoglutenfree.hu\/wp-content\/uploads\/2020\/12\/Dessztertek-cover-scaled.jpg","contentUrl":"https:\/\/serfozoglutenfree.hu\/wp-content\/uploads\/2020\/12\/Dessztertek-cover-scaled.jpg","width":2536,"height":2560},{"@type":"BreadcrumbList","@id":"https:\/\/serfozoglutenfree.hu\/?page_id=618#breadcrumb","itemListElement":[{"@type":"ListItem","position":1,"name":"Home","item":"https:\/\/serfozoglutenfree.hu\/"},{"@type":"ListItem","position":2,"name":"Desszertek"}]},{"@type":"WebSite","@id":"https:\/\/serfozoglutenfree.hu\/#website","url":"https:\/\/serfozoglutenfree.hu\/","name":"Serf\u0151z\u0151 Gluten Free Bakery","description":"Pr\u00e9mium min\u0151s\u00e9g\u0171 glut\u00e9nmentes, bio teljes ki\u0151rl\u00e9s\u0171 lisztekb\u0151l k\u00e9sz\u00fclt kenyerek cs\u00f6kkentett sz\u00e9nhidr\u00e1t-, magas rosttartalommal.","potentialAction":[{"@type":"SearchAction","target":{"@type":"EntryPoint","urlTemplate":"https:\/\/serfozoglutenfree.hu\/?s={search_term_string}"},"query-input":{"@type":"PropertyValueSpecification","valueRequired":true,"valueName":"search_term_string"}}],"inLanguage":"hu"}]}},"_links":{"self":[{"href":"https:\/\/serfozoglutenfree.hu\/index.php?rest_route=\/wp\/v2\/pages\/618","targetHints":{"allow":["GET"]}}],"collection":[{"href":"https:\/\/serfozoglutenfree.hu\/index.php?rest_route=\/wp\/v2\/pages"}],"about":[{"href":"https:\/\/serfozoglutenfree.hu\/index.php?rest_route=\/wp\/v2\/types\/page"}],"author":[{"embeddable":true,"href":"https:\/\/serfozoglutenfree.hu\/index.php?rest_route=\/wp\/v2\/users\/2"}],"replies":[{"embeddable":true,"href":"https:\/\/serfozoglutenfree.hu\/index.php?rest_route=%2Fwp%2Fv2%2Fcomments&post=618"}],"version-history":[{"count":13,"href":"https:\/\/serfozoglutenfree.hu\/index.php?rest_route=\/wp\/v2\/pages\/618\/revisions"}],"predecessor-version":[{"id":2851,"href":"https:\/\/serfozoglutenfree.hu\/index.php?rest_route=\/wp\/v2\/pages\/618\/revisions\/2851"}],"wp:attachment":[{"href":"https:\/\/serfozoglutenfree.hu\/index.php?rest_route=%2Fwp%2Fv2%2Fmedia&parent=618"}],"curies":[{"name":"wp","href":"https:\/\/api.w.org\/{rel}","templated":true}]}}