{"id":40,"date":"2020-07-12T08:10:00","date_gmt":"2020-07-12T08:10:00","guid":{"rendered":"https:\/\/jupiterx.artbees.net\/cake-shop\/?page_id=40"},"modified":"2023-10-18T14:23:04","modified_gmt":"2023-10-18T14:23:04","slug":"glutenmentes-2","status":"publish","type":"page","link":"https:\/\/serfozoglutenfree.hu\/?page_id=40","title":{"rendered":"R\u00f3lunk"},"content":{"rendered":"\t\t<div data-elementor-type=\"wp-page\" data-elementor-id=\"40\" class=\"elementor elementor-40\">\n\t\t\t\t\t\t<section class=\"elementor-section elementor-top-section elementor-element elementor-element-eb31a75 elementor-section-full_width elementor-reverse-mobile elementor-section-stretched elementor-section-height-default elementor-section-height-default\" data-id=\"eb31a75\" data-element_type=\"section\" data-settings=\"{&quot;background_background&quot;:&quot;classic&quot;,&quot;stretch_section&quot;:&quot;section-stretched&quot;}\">\n\t\t\t\t\t\t<div class=\"elementor-container elementor-column-gap-no\">\n\t\t\t\t\t<div class=\"elementor-column elementor-col-50 elementor-top-column elementor-element elementor-element-297ebd8\" data-id=\"297ebd8\" data-element_type=\"column\">\n\t\t\t<div class=\"elementor-widget-wrap elementor-element-populated\">\n\t\t\t\t\t\t<div class=\"elementor-element elementor-element-d4e7402 elementor-widget elementor-widget-heading\" data-id=\"d4e7402\" data-element_type=\"widget\" data-widget_type=\"heading.default\">\n\t\t\t\t<div class=\"elementor-widget-container\">\n\t\t\t\t\t<h1 class=\"elementor-heading-title elementor-size-default\">R\u00f3lunk<\/h1>\t\t\t\t<\/div>\n\t\t\t\t<\/div>\n\t\t\t\t\t<\/div>\n\t\t<\/div>\n\t\t\t\t<div class=\"elementor-column elementor-col-50 elementor-top-column elementor-element elementor-element-87f35f0\" data-id=\"87f35f0\" data-element_type=\"column\">\n\t\t\t<div class=\"elementor-widget-wrap elementor-element-populated\">\n\t\t\t\t\t\t<div class=\"elementor-element elementor-element-b628edc elementor-widget elementor-widget-raven-image\" data-id=\"b628edc\" data-element_type=\"widget\" data-widget_type=\"raven-image.default\">\n\t\t\t\t<div class=\"elementor-widget-container\">\n\t\t\t\t\t\t\t<div class=\"raven-image\">\n\t\t\n\t\t\n\t\t<img fetchpriority=\"high\" decoding=\"async\" width=\"2560\" height=\"1707\" src=\"https:\/\/serfozoglutenfree.hu\/wp-content\/uploads\/2020\/12\/Rolunk_cover-scaled.jpg\" class=\"attachment-full size-full wp-image-852\" alt=\"\" srcset=\"https:\/\/serfozoglutenfree.hu\/wp-content\/uploads\/2020\/12\/Rolunk_cover-scaled.jpg 2560w, https:\/\/serfozoglutenfree.hu\/wp-content\/uploads\/2020\/12\/Rolunk_cover-300x200.jpg 300w, https:\/\/serfozoglutenfree.hu\/wp-content\/uploads\/2020\/12\/Rolunk_cover-1024x683.jpg 1024w, https:\/\/serfozoglutenfree.hu\/wp-content\/uploads\/2020\/12\/Rolunk_cover-768x512.jpg 768w, https:\/\/serfozoglutenfree.hu\/wp-content\/uploads\/2020\/12\/Rolunk_cover-1536x1024.jpg 1536w, https:\/\/serfozoglutenfree.hu\/wp-content\/uploads\/2020\/12\/Rolunk_cover-2048x1365.jpg 2048w, https:\/\/serfozoglutenfree.hu\/wp-content\/uploads\/2020\/12\/Rolunk_cover-600x400.jpg 600w\" sizes=\"(max-width: 2560px) 100vw, 2560px\" \/>\t\t<\/div>\n\t\t\t\t\t\t<\/div>\n\t\t\t\t<\/div>\n\t\t\t\t\t<\/div>\n\t\t<\/div>\n\t\t\t\t\t<\/div>\n\t\t<\/section>\n\t\t\t\t<section class=\"elementor-section elementor-top-section elementor-element elementor-element-8386682 elementor-section-boxed elementor-section-height-default elementor-section-height-default\" data-id=\"8386682\" data-element_type=\"section\" data-settings=\"{&quot;background_background&quot;:&quot;classic&quot;}\">\n\t\t\t\t\t\t<div class=\"elementor-container elementor-column-gap-no\">\n\t\t\t\t\t<div class=\"elementor-column elementor-col-100 elementor-top-column elementor-element elementor-element-4cc0978\" data-id=\"4cc0978\" data-element_type=\"column\" data-settings=\"{&quot;background_background&quot;:&quot;classic&quot;}\">\n\t\t\t<div class=\"elementor-widget-wrap elementor-element-populated\">\n\t\t\t\t\t\t<div class=\"elementor-element elementor-element-ba08c3b elementor-align-center elementor-widget elementor-widget-raven-heading\" data-id=\"ba08c3b\" data-element_type=\"widget\" data-widget_type=\"raven-heading.default\">\n\t\t\t\t<div class=\"elementor-widget-container\">\n\t\t\t\t\t\t\t<div class=\"raven-widget-wrapper\"><h3 class=\"raven-heading raven-heading-h3 raven-heading-norman-single\"><span class=\"raven-heading-title \">A p\u00e9ks\u00e9g<\/span><\/h3><\/div>\n\t\t\t\t\t\t<\/div>\n\t\t\t\t<\/div>\n\t\t\t\t<div class=\"elementor-element elementor-element-3a0fbf5 elementor-widget elementor-widget-text-editor\" data-id=\"3a0fbf5\" data-element_type=\"widget\" data-widget_type=\"text-editor.default\">\n\t\t\t\t<div class=\"elementor-widget-container\">\n\t\t\t\t\t\t\t\t\t<p><span style=\"font-weight: 400;\">A gasztron\u00f3mia \u00e9s az eg\u00e9szs\u00e9ges, j\u00f3 \u00e9telek szerelmesek\u00e9nt kiz\u00e1r\u00f3lag friss, min\u0151s\u00e9gi alapanyagokkal dolgozunk, szenved\u00e9llyel, \u0151szint\u00e9n, kompromisszumok n\u00e9lk\u00fcl. Felel\u0151ss\u00e9gteljesen, egyszer\u0171en k\u00e9sz\u00edtj\u00fck term\u00e9keinket, a hagyom\u00e1nyos k\u00e9zi munk\u00e1t \u00e1polva, napr\u00f3l-napra frissen, \u00fcgyfeleink sz\u00e1m\u00e1ra. Valljuk, hogy min\u0151s\u00e9gi alapanyagb\u00f3l finom, mindenki sz\u00e1m\u00e1ra gasztron\u00f3miai \u00e9lvezetet ny\u00fajt\u00f3 \u00e9teleket lehet k\u00e9sz\u00edteni, \u00e9s b\u00fcszk\u00e9k vagyunk r\u00e1, hogy legt\u00f6bbsz\u00f6r az els\u0151 k\u00f3stol\u00e1si \u00e9lm\u00e9ny meggy\u0151zi v\u00e1s\u00e1rl\u00f3inkat.<\/span><\/p><p><span style=\"font-weight: 400;\">Alapanyagaink ellen\u0151rz\u00f6tten glut\u00e9nmentesek, \u00e9des\u00edt\u00e9sre gy\u00fcm\u00f6lcs\u00f6t, nyers bio ak\u00e1cm\u00e9zet, organikus n\u00e1dcukrot esetleg finnorsz\u00e1gi fa alap\u00fa ny\u00edrfacukrot haszn\u00e1lunk, fenntarthat\u00f3 gazd\u00e1lkod\u00e1sokb\u00f3l. Teh\u00e9ntej\u00a0 helyett pedig cukormentes bio mandulatejet. Keny\u00e9rpalett\u00e1nk biodinamikus, teljes ki\u0151rl\u00e9s\u0171 alaplisztekb\u0151l k\u00e9sz\u00fcl, saj\u00e1t recept\u00far\u00e1nk alapj\u00e1n, kukorciakem\u00e9ny\u00edt\u0151 \u00e9s toj\u00e1s n\u00e9lk\u00fcl, olivaolajjal,\u00a0 szeretettel. <\/span><\/p>\t\t\t\t\t\t\t\t<\/div>\n\t\t\t\t<\/div>\n\t\t\t\t<div class=\"elementor-element elementor-element-da1820b elementor-widget elementor-widget-raven-image\" data-id=\"da1820b\" data-element_type=\"widget\" data-widget_type=\"raven-image.default\">\n\t\t\t\t<div class=\"elementor-widget-container\">\n\t\t\t\t\t\t\t<div class=\"raven-image\">\n\t\t\n\t\t\n\t\t<img decoding=\"async\" width=\"2560\" height=\"1687\" src=\"https:\/\/serfozoglutenfree.hu\/wp-content\/uploads\/2020\/12\/Rolunk_a_pekseg_afonyas_helyett-1-scaled.jpg\" class=\"attachment-full size-full wp-image-856\" alt=\"\" srcset=\"https:\/\/serfozoglutenfree.hu\/wp-content\/uploads\/2020\/12\/Rolunk_a_pekseg_afonyas_helyett-1-scaled.jpg 2560w, https:\/\/serfozoglutenfree.hu\/wp-content\/uploads\/2020\/12\/Rolunk_a_pekseg_afonyas_helyett-1-300x198.jpg 300w, https:\/\/serfozoglutenfree.hu\/wp-content\/uploads\/2020\/12\/Rolunk_a_pekseg_afonyas_helyett-1-1024x675.jpg 1024w, https:\/\/serfozoglutenfree.hu\/wp-content\/uploads\/2020\/12\/Rolunk_a_pekseg_afonyas_helyett-1-768x506.jpg 768w, https:\/\/serfozoglutenfree.hu\/wp-content\/uploads\/2020\/12\/Rolunk_a_pekseg_afonyas_helyett-1-1536x1012.jpg 1536w, https:\/\/serfozoglutenfree.hu\/wp-content\/uploads\/2020\/12\/Rolunk_a_pekseg_afonyas_helyett-1-2048x1350.jpg 2048w, https:\/\/serfozoglutenfree.hu\/wp-content\/uploads\/2020\/12\/Rolunk_a_pekseg_afonyas_helyett-1-600x395.jpg 600w\" sizes=\"(max-width: 2560px) 100vw, 2560px\" \/>\t\t<\/div>\n\t\t\t\t\t\t<\/div>\n\t\t\t\t<\/div>\n\t\t\t\t<div class=\"elementor-element elementor-element-227cb6f elementor-widget elementor-widget-text-editor\" data-id=\"227cb6f\" data-element_type=\"widget\" data-widget_type=\"text-editor.default\">\n\t\t\t\t<div class=\"elementor-widget-container\">\n\t\t\t\t\t\t\t\t\t<h3><span style=\"font-weight: 400;\">Hitvall\u00e1sunk<\/span><\/h3><p><span style=\"font-weight: 400;\">Hisz\u00fcnk abban, hogy glut\u00e9n\u00e9rz\u00e9kenys\u00e9g mellett is lehet gasztron\u00f3miai \u00e9lm\u00e9nyeket szerezni.<\/span><\/p><h3>\u00a0<\/h3><h3><span style=\"font-weight: 400;\">K\u00fcldet\u00e9s\u00fcnk<\/span><\/h3><p><span style=\"font-weight: 400;\">A legmagasabb min\u0151s\u00e9g\u0171 alapanyagokb\u00f3l, megalkuv\u00e1s n\u00e9lk\u00fcl k\u00e9sz\u00edtj\u00fck term\u00e9keinket.<\/span><\/p><p>\u00a0<\/p>\t\t\t\t\t\t\t\t<\/div>\n\t\t\t\t<\/div>\n\t\t\t\t\t<\/div>\n\t\t<\/div>\n\t\t\t\t\t<\/div>\n\t\t<\/section>\n\t\t\t\t<section class=\"elementor-section elementor-top-section elementor-element elementor-element-5c77039 elementor-section-boxed elementor-section-height-default elementor-section-height-default\" data-id=\"5c77039\" data-element_type=\"section\">\n\t\t\t\t\t\t<div class=\"elementor-container elementor-column-gap-no\">\n\t\t\t\t\t<div class=\"elementor-column elementor-col-100 elementor-top-column elementor-element elementor-element-15d626a\" data-id=\"15d626a\" data-element_type=\"column\">\n\t\t\t<div class=\"elementor-widget-wrap\">\n\t\t\t\t\t\t\t<\/div>\n\t\t<\/div>\n\t\t\t\t\t<\/div>\n\t\t<\/section>\n\t\t\t\t<section class=\"elementor-section elementor-top-section elementor-element elementor-element-c43f4e5 elementor-section-boxed elementor-section-height-default elementor-section-height-default\" data-id=\"c43f4e5\" data-element_type=\"section\" data-settings=\"{&quot;background_background&quot;:&quot;classic&quot;}\">\n\t\t\t\t\t\t<div class=\"elementor-container elementor-column-gap-no\">\n\t\t\t\t\t<div class=\"elementor-column elementor-col-100 elementor-top-column elementor-element elementor-element-a2d3a72\" data-id=\"a2d3a72\" data-element_type=\"column\">\n\t\t\t<div class=\"elementor-widget-wrap elementor-element-populated\">\n\t\t\t\t\t\t<div class=\"elementor-element elementor-element-a8b8f1c elementor-widget elementor-widget-raven-counter\" data-id=\"a8b8f1c\" data-element_type=\"widget\" data-settings=\"{&quot;columns&quot;:&quot;2&quot;,&quot;columns_tablet&quot;:2,&quot;columns_mobile&quot;:1}\" data-widget_type=\"raven-counter.default\">\n\t\t\t\t<div class=\"elementor-widget-container\">\n\t\t\t\t\t\t\t<div class=\"raven-counter-list raven-flex raven-flex-wrap raven-flex-between raven-flex-middle\">\n\t\t\t\t\t\t\t<div class=\"raven-counter-item\">\n\t\t\t\t\t<div class=\"raven-counter-icon\">\n\t\t\t\t\t\n\t\t\t\t\t<\/div>\n\t\t\t\t\t<div class=\"raven-counter-number-wrapper\">\n\t\t\t\t\t\t<span class=\"raven-counter-number-prefix\"><\/span>\n\t\t\t\t\t\t<span class=\"raven-counter-number\" data-raven-counter=\"\" data-duration=\"2000\" data-to-value=\"12477\" data-delimiter=\",\">0<\/span>\n\t\t\t\t\t\t<span class=\"raven-counter-number-suffix\"><\/span>\n\t\t\t\t\t<\/div>\n\t\t\t\t\t\t\t\t\t\t\t<div class=\"raven-counter-title\">keny\u00e9r<\/div>\n\t\t\t\t\t\t\t\t\t<\/div>\n\t\t\t\t\t\t\t<div class=\"raven-counter-item\">\n\t\t\t\t\t<div class=\"raven-counter-icon\">\n\t\t\t\t\t\n\t\t\t\t\t<\/div>\n\t\t\t\t\t<div class=\"raven-counter-number-wrapper\">\n\t\t\t\t\t\t<span class=\"raven-counter-number-prefix\"><\/span>\n\t\t\t\t\t\t<span class=\"raven-counter-number\" data-raven-counter=\"\" data-duration=\"2000\" data-to-value=\"14782\" data-delimiter=\",\">0<\/span>\n\t\t\t\t\t\t<span class=\"raven-counter-number-suffix\"><\/span>\n\t\t\t\t\t<\/div>\n\t\t\t\t\t\t\t\t\t\t\t<div class=\"raven-counter-title\">desszert<\/div>\n\t\t\t\t\t\t\t\t\t<\/div>\n\t\t\t\t\t<\/div>\n\t\t\t\t\t\t<\/div>\n\t\t\t\t<\/div>\n\t\t\t\t\t<\/div>\n\t\t<\/div>\n\t\t\t\t\t<\/div>\n\t\t<\/section>\n\t\t\t\t<section class=\"elementor-section elementor-top-section elementor-element elementor-element-9e443ae elementor-section-full_width elementor-section-height-default elementor-section-height-default\" data-id=\"9e443ae\" data-element_type=\"section\">\n\t\t\t\t\t\t<div class=\"elementor-container elementor-column-gap-no\">\n\t\t\t\t\t<div class=\"elementor-column elementor-col-100 elementor-top-column elementor-element elementor-element-84ff9e0\" data-id=\"84ff9e0\" data-element_type=\"column\">\n\t\t\t<div class=\"elementor-widget-wrap elementor-element-populated\">\n\t\t\t\t\t\t<div class=\"elementor-element elementor-element-6772c36 elementor-widget elementor-widget-raven-image\" data-id=\"6772c36\" data-element_type=\"widget\" data-widget_type=\"raven-image.default\">\n\t\t\t\t<div class=\"elementor-widget-container\">\n\t\t\t\t\t\t\t<div class=\"raven-image\" data-parallax=\"{&quot;y&quot;:-100,&quot;smoothness&quot;:30}\">\n\t\t\n\t\t\n\t\t<img decoding=\"async\" width=\"1596\" height=\"1080\" src=\"https:\/\/serfozoglutenfree.hu\/wp-content\/uploads\/2023\/10\/Nevtelen-terv.jpg\" class=\"attachment-full size-full wp-image-2470\" alt=\"\" srcset=\"https:\/\/serfozoglutenfree.hu\/wp-content\/uploads\/2023\/10\/Nevtelen-terv.jpg 1596w, https:\/\/serfozoglutenfree.hu\/wp-content\/uploads\/2023\/10\/Nevtelen-terv-300x203.jpg 300w, https:\/\/serfozoglutenfree.hu\/wp-content\/uploads\/2023\/10\/Nevtelen-terv-1024x693.jpg 1024w, https:\/\/serfozoglutenfree.hu\/wp-content\/uploads\/2023\/10\/Nevtelen-terv-768x520.jpg 768w, https:\/\/serfozoglutenfree.hu\/wp-content\/uploads\/2023\/10\/Nevtelen-terv-1536x1039.jpg 1536w, https:\/\/serfozoglutenfree.hu\/wp-content\/uploads\/2023\/10\/Nevtelen-terv-600x406.jpg 600w\" sizes=\"(max-width: 1596px) 100vw, 1596px\" \/>\t\t<\/div>\n\t\t\t\t\t\t<\/div>\n\t\t\t\t<\/div>\n\t\t\t\t\t<\/div>\n\t\t<\/div>\n\t\t\t\t\t<\/div>\n\t\t<\/section>\n\t\t\t\t<section class=\"elementor-section elementor-top-section elementor-element elementor-element-8e8de7e elementor-section-boxed elementor-section-height-default elementor-section-height-default\" data-id=\"8e8de7e\" data-element_type=\"section\">\n\t\t\t\t\t\t<div class=\"elementor-container elementor-column-gap-no\">\n\t\t\t\t\t<div class=\"elementor-column elementor-col-100 elementor-top-column elementor-element elementor-element-ceb3493\" data-id=\"ceb3493\" data-element_type=\"column\">\n\t\t\t<div class=\"elementor-widget-wrap elementor-element-populated\">\n\t\t\t\t\t\t<div class=\"elementor-element elementor-element-5029f15 elementor-align-center elementor-widget elementor-widget-raven-heading\" data-id=\"5029f15\" data-element_type=\"widget\" data-widget_type=\"raven-heading.default\">\n\t\t\t\t<div class=\"elementor-widget-container\">\n\t\t\t\t\t\t\t<div class=\"raven-widget-wrapper\"><h3 class=\"raven-heading raven-heading-h3 raven-heading-norman-single\"><span class=\"raven-heading-title \">A<span style=\"white-space: normal;\">&nbsp;Serf\u0151z\u0151 sztori<\/span> <\/span><\/h3><\/div>\n\t\t\t\t\t\t<\/div>\n\t\t\t\t<\/div>\n\t\t\t\t\t<\/div>\n\t\t<\/div>\n\t\t\t\t\t<\/div>\n\t\t<\/section>\n\t\t\t\t<section class=\"elementor-section elementor-top-section elementor-element elementor-element-9a9c0ff elementor-section-boxed elementor-section-height-default elementor-section-height-default\" data-id=\"9a9c0ff\" data-element_type=\"section\" data-settings=\"{&quot;background_background&quot;:&quot;classic&quot;}\">\n\t\t\t\t\t\t<div class=\"elementor-container elementor-column-gap-no\">\n\t\t\t\t\t<div class=\"elementor-column elementor-col-100 elementor-top-column elementor-element elementor-element-bb37ea3\" data-id=\"bb37ea3\" data-element_type=\"column\">\n\t\t\t<div class=\"elementor-widget-wrap elementor-element-populated\">\n\t\t\t\t\t\t<div class=\"elementor-element elementor-element-737bb41 elementor-widget elementor-widget-text-editor\" data-id=\"737bb41\" data-element_type=\"widget\" data-widget_type=\"text-editor.default\">\n\t\t\t\t<div class=\"elementor-widget-container\">\n\t\t\t\t\t\t\t\t\t<p><span style=\"font-weight: 400;\">A Serf\u0151z\u0151 Gluten Free Bakery t\u00f6rt\u00e9nete 2013-ben indult, amikor kider\u00fclt Serf\u0151z\u0151 M\u00e1rtir\u00f3l, a c\u00e9g alap\u00edt\u00f3j\u00e1r\u00f3l, hogy glut\u00e9n\u00e9rz\u00e9keny. M\u00e1rti kor\u00e1bban bank\u00e1rk\u00e9nt dolgozott, de nem \u00e9rezte j\u00f3l mag\u00e1t abban \u00e9lethelyzet\u00e9ben, amit a szervezete is jelzett sz\u00e1m\u00e1ra.\u00a0<\/span><\/p><p><span style=\"font-weight: 400;\">Miut\u00e1n megkapta a diagn\u00f3zist, nekil\u00e1tott felfedezni az akkoriban el\u00e9rhet\u0151 k\u00edn\u00e1latot \u00e9s csal\u00f3dottan tapasztalta, hogy a kor\u00e1bban megszokott \u00edzeket m\u00e9g nyomokban sem adj\u00e1k vissza az akkor kaphat\u00f3 glut\u00e9nmentes kenyerek, p\u00e9ks\u00fctem\u00e9nyek.\u00a0<\/span><\/p><p><span style=\"font-weight: 400;\">Ez a csal\u00f3dotts\u00e1g tettekre sarkalta, \u00e9s nekil\u00e1tott egy saj\u00e1t term\u00e9kpaletta megalkot\u00e1s\u00e1nak. Hossz\u00fa k\u00eds\u00e9rletez\u00e9s \u00e9s term\u00e9kfejleszt\u00e9se ut\u00e1n sz\u00fcletett meg az a recept\u00fara, amire azt mondta: \u201cEz igaz\u00e1n finom, ezt m\u00e1sok is szeretni fogj\u00e1k.\u201d\u00a0<\/span><\/p><p><span style=\"font-weight: 400;\">Az az\u00f3ta eltelt id\u0151ben pedig t\u00f6bb ezer eladott term\u00e9k \u00e9s sok sz\u00e1z v\u00e1s\u00e1rl\u00f3 igazolta azt, hogy meg\u00e9rte a kompromisszumok n\u00e9lk\u00fcli term\u00e9kfejleszt\u00e9s.\u00a0<\/span><\/p>\t\t\t\t\t\t\t\t<\/div>\n\t\t\t\t<\/div>\n\t\t\t\t\t<\/div>\n\t\t<\/div>\n\t\t\t\t\t<\/div>\n\t\t<\/section>\n\t\t\t\t<\/div>\n\t\t","protected":false},"excerpt":{"rendered":"<p>R\u00f3lunk A p\u00e9ks\u00e9g A gasztron\u00f3mia \u00e9s az eg\u00e9szs\u00e9ges, j\u00f3 \u00e9telek szerelmesek\u00e9nt kiz\u00e1r\u00f3lag friss, min\u0151s\u00e9gi alapanyagokkal dolgozunk, szenved\u00e9llyel, \u0151szint\u00e9n, kompromisszumok n\u00e9lk\u00fcl. Felel\u0151ss\u00e9gteljesen, egyszer\u0171en k\u00e9sz\u00edtj\u00fck term\u00e9keinket, a hagyom\u00e1nyos k\u00e9zi munk\u00e1t \u00e1polva, napr\u00f3l-napra frissen, \u00fcgyfeleink sz\u00e1m\u00e1ra. Valljuk, hogy min\u0151s\u00e9gi alapanyagb\u00f3l finom, mindenki sz\u00e1m\u00e1ra gasztron\u00f3miai \u00e9lvezetet ny\u00fajt\u00f3 \u00e9teleket lehet k\u00e9sz\u00edteni, \u00e9s b\u00fcszk\u00e9k vagyunk r\u00e1, hogy legt\u00f6bbsz\u00f6r az els\u0151 k\u00f3stol\u00e1si [&hellip;]<\/p>\n","protected":false},"author":2,"featured_media":0,"parent":0,"menu_order":0,"comment_status":"closed","ping_status":"closed","template":"","meta":{"_acf_changed":false,"_monsterinsights_skip_tracking":false,"_monsterinsights_sitenote_active":false,"_monsterinsights_sitenote_note":"","_monsterinsights_sitenote_category":0,"footnotes":""},"class_list":["post-40","page","type-page","status-publish","hentry"],"acf":[],"yoast_head":"<!-- This site is optimized with the Yoast SEO plugin v26.6 - https:\/\/yoast.com\/wordpress\/plugins\/seo\/ -->\n<title>Glut\u00e9nmentes<\/title>\n<meta name=\"description\" content=\"Alapanyagaink ellen\u0151rz\u00f6tten glut\u00e9nmentesek, \u00e9des\u00edt\u00e9sre gy\u00fcm\u00f6lcs\u00f6t, nyers bio ak\u00e1cm\u00e9zet, organikus n\u00e1dcukrot esetleg finnorsz\u00e1gi fa alap\u00fa ny\u00edrfacukrot haszn\u00e1lunk, fenntarthat\u00f3 gazd\u00e1lkod\u00e1sokb\u00f3l.\" \/>\n<meta name=\"robots\" content=\"index, follow, max-snippet:-1, max-image-preview:large, max-video-preview:-1\" \/>\n<link rel=\"canonical\" href=\"https:\/\/serfozoglutenfree.hu\/?page_id=40\" \/>\n<meta property=\"og:locale\" content=\"hu_HU\" \/>\n<meta property=\"og:type\" content=\"article\" \/>\n<meta property=\"og:title\" content=\"Glut\u00e9nmentes\" \/>\n<meta property=\"og:description\" content=\"Alapanyagaink ellen\u0151rz\u00f6tten glut\u00e9nmentesek, \u00e9des\u00edt\u00e9sre gy\u00fcm\u00f6lcs\u00f6t, nyers bio ak\u00e1cm\u00e9zet, organikus n\u00e1dcukrot esetleg finnorsz\u00e1gi fa alap\u00fa ny\u00edrfacukrot haszn\u00e1lunk, fenntarthat\u00f3 gazd\u00e1lkod\u00e1sokb\u00f3l.\" \/>\n<meta property=\"og:url\" content=\"https:\/\/serfozoglutenfree.hu\/?page_id=40\" \/>\n<meta property=\"og:site_name\" content=\"Serf\u0151z\u0151 Gluten Free Bakery\" \/>\n<meta property=\"article:modified_time\" content=\"2023-10-18T14:23:04+00:00\" \/>\n<meta property=\"og:image\" content=\"https:\/\/serfozoglutenfree.hu\/wp-content\/uploads\/2020\/12\/Rolunk_cover-scaled.jpg\" \/>\n<meta name=\"twitter:card\" content=\"summary_large_image\" \/>\n<meta name=\"twitter:label1\" content=\"Becs\u00fclt olvas\u00e1si id\u0151\" \/>\n\t<meta name=\"twitter:data1\" content=\"2 perc\" \/>\n<script type=\"application\/ld+json\" class=\"yoast-schema-graph\">{\"@context\":\"https:\/\/schema.org\",\"@graph\":[{\"@type\":\"WebPage\",\"@id\":\"https:\/\/serfozoglutenfree.hu\/?page_id=40\",\"url\":\"https:\/\/serfozoglutenfree.hu\/?page_id=40\",\"name\":\"Glut\u00e9nmentes\",\"isPartOf\":{\"@id\":\"https:\/\/serfozoglutenfree.hu\/#website\"},\"primaryImageOfPage\":{\"@id\":\"https:\/\/serfozoglutenfree.hu\/?page_id=40#primaryimage\"},\"image\":{\"@id\":\"https:\/\/serfozoglutenfree.hu\/?page_id=40#primaryimage\"},\"thumbnailUrl\":\"https:\/\/serfozoglutenfree.hu\/wp-content\/uploads\/2020\/12\/Rolunk_cover-scaled.jpg\",\"datePublished\":\"2020-07-12T08:10:00+00:00\",\"dateModified\":\"2023-10-18T14:23:04+00:00\",\"description\":\"Alapanyagaink ellen\u0151rz\u00f6tten glut\u00e9nmentesek, \u00e9des\u00edt\u00e9sre gy\u00fcm\u00f6lcs\u00f6t, nyers bio ak\u00e1cm\u00e9zet, organikus n\u00e1dcukrot esetleg finnorsz\u00e1gi fa alap\u00fa ny\u00edrfacukrot haszn\u00e1lunk, fenntarthat\u00f3 gazd\u00e1lkod\u00e1sokb\u00f3l.\",\"breadcrumb\":{\"@id\":\"https:\/\/serfozoglutenfree.hu\/?page_id=40#breadcrumb\"},\"inLanguage\":\"hu\",\"potentialAction\":[{\"@type\":\"ReadAction\",\"target\":[\"https:\/\/serfozoglutenfree.hu\/?page_id=40\"]}]},{\"@type\":\"ImageObject\",\"inLanguage\":\"hu\",\"@id\":\"https:\/\/serfozoglutenfree.hu\/?page_id=40#primaryimage\",\"url\":\"https:\/\/serfozoglutenfree.hu\/wp-content\/uploads\/2020\/12\/Rolunk_cover-scaled.jpg\",\"contentUrl\":\"https:\/\/serfozoglutenfree.hu\/wp-content\/uploads\/2020\/12\/Rolunk_cover-scaled.jpg\",\"width\":2560,\"height\":1707},{\"@type\":\"BreadcrumbList\",\"@id\":\"https:\/\/serfozoglutenfree.hu\/?page_id=40#breadcrumb\",\"itemListElement\":[{\"@type\":\"ListItem\",\"position\":1,\"name\":\"Home\",\"item\":\"https:\/\/serfozoglutenfree.hu\/\"},{\"@type\":\"ListItem\",\"position\":2,\"name\":\"R\u00f3lunk\"}]},{\"@type\":\"WebSite\",\"@id\":\"https:\/\/serfozoglutenfree.hu\/#website\",\"url\":\"https:\/\/serfozoglutenfree.hu\/\",\"name\":\"Serf\u0151z\u0151 Gluten Free Bakery\",\"description\":\"Pr\u00e9mium min\u0151s\u00e9g\u0171 glut\u00e9nmentes, bio teljes ki\u0151rl\u00e9s\u0171 lisztekb\u0151l k\u00e9sz\u00fclt kenyerek cs\u00f6kkentett sz\u00e9nhidr\u00e1t-, magas rosttartalommal.\",\"potentialAction\":[{\"@type\":\"SearchAction\",\"target\":{\"@type\":\"EntryPoint\",\"urlTemplate\":\"https:\/\/serfozoglutenfree.hu\/?s={search_term_string}\"},\"query-input\":{\"@type\":\"PropertyValueSpecification\",\"valueRequired\":true,\"valueName\":\"search_term_string\"}}],\"inLanguage\":\"hu\"}]}<\/script>\n<!-- \/ Yoast SEO plugin. -->","yoast_head_json":{"title":"Glut\u00e9nmentes","description":"Alapanyagaink ellen\u0151rz\u00f6tten glut\u00e9nmentesek, \u00e9des\u00edt\u00e9sre gy\u00fcm\u00f6lcs\u00f6t, nyers bio ak\u00e1cm\u00e9zet, organikus n\u00e1dcukrot esetleg finnorsz\u00e1gi fa alap\u00fa ny\u00edrfacukrot haszn\u00e1lunk, fenntarthat\u00f3 gazd\u00e1lkod\u00e1sokb\u00f3l.","robots":{"index":"index","follow":"follow","max-snippet":"max-snippet:-1","max-image-preview":"max-image-preview:large","max-video-preview":"max-video-preview:-1"},"canonical":"https:\/\/serfozoglutenfree.hu\/?page_id=40","og_locale":"hu_HU","og_type":"article","og_title":"Glut\u00e9nmentes","og_description":"Alapanyagaink ellen\u0151rz\u00f6tten glut\u00e9nmentesek, \u00e9des\u00edt\u00e9sre gy\u00fcm\u00f6lcs\u00f6t, nyers bio ak\u00e1cm\u00e9zet, organikus n\u00e1dcukrot esetleg finnorsz\u00e1gi fa alap\u00fa ny\u00edrfacukrot haszn\u00e1lunk, fenntarthat\u00f3 gazd\u00e1lkod\u00e1sokb\u00f3l.","og_url":"https:\/\/serfozoglutenfree.hu\/?page_id=40","og_site_name":"Serf\u0151z\u0151 Gluten Free Bakery","article_modified_time":"2023-10-18T14:23:04+00:00","og_image":[{"url":"https:\/\/serfozoglutenfree.hu\/wp-content\/uploads\/2020\/12\/Rolunk_cover-scaled.jpg","type":"","width":"","height":""}],"twitter_card":"summary_large_image","twitter_misc":{"Becs\u00fclt olvas\u00e1si id\u0151":"2 perc"},"schema":{"@context":"https:\/\/schema.org","@graph":[{"@type":"WebPage","@id":"https:\/\/serfozoglutenfree.hu\/?page_id=40","url":"https:\/\/serfozoglutenfree.hu\/?page_id=40","name":"Glut\u00e9nmentes","isPartOf":{"@id":"https:\/\/serfozoglutenfree.hu\/#website"},"primaryImageOfPage":{"@id":"https:\/\/serfozoglutenfree.hu\/?page_id=40#primaryimage"},"image":{"@id":"https:\/\/serfozoglutenfree.hu\/?page_id=40#primaryimage"},"thumbnailUrl":"https:\/\/serfozoglutenfree.hu\/wp-content\/uploads\/2020\/12\/Rolunk_cover-scaled.jpg","datePublished":"2020-07-12T08:10:00+00:00","dateModified":"2023-10-18T14:23:04+00:00","description":"Alapanyagaink ellen\u0151rz\u00f6tten glut\u00e9nmentesek, \u00e9des\u00edt\u00e9sre gy\u00fcm\u00f6lcs\u00f6t, nyers bio ak\u00e1cm\u00e9zet, organikus n\u00e1dcukrot esetleg finnorsz\u00e1gi fa alap\u00fa ny\u00edrfacukrot haszn\u00e1lunk, fenntarthat\u00f3 gazd\u00e1lkod\u00e1sokb\u00f3l.","breadcrumb":{"@id":"https:\/\/serfozoglutenfree.hu\/?page_id=40#breadcrumb"},"inLanguage":"hu","potentialAction":[{"@type":"ReadAction","target":["https:\/\/serfozoglutenfree.hu\/?page_id=40"]}]},{"@type":"ImageObject","inLanguage":"hu","@id":"https:\/\/serfozoglutenfree.hu\/?page_id=40#primaryimage","url":"https:\/\/serfozoglutenfree.hu\/wp-content\/uploads\/2020\/12\/Rolunk_cover-scaled.jpg","contentUrl":"https:\/\/serfozoglutenfree.hu\/wp-content\/uploads\/2020\/12\/Rolunk_cover-scaled.jpg","width":2560,"height":1707},{"@type":"BreadcrumbList","@id":"https:\/\/serfozoglutenfree.hu\/?page_id=40#breadcrumb","itemListElement":[{"@type":"ListItem","position":1,"name":"Home","item":"https:\/\/serfozoglutenfree.hu\/"},{"@type":"ListItem","position":2,"name":"R\u00f3lunk"}]},{"@type":"WebSite","@id":"https:\/\/serfozoglutenfree.hu\/#website","url":"https:\/\/serfozoglutenfree.hu\/","name":"Serf\u0151z\u0151 Gluten Free Bakery","description":"Pr\u00e9mium min\u0151s\u00e9g\u0171 glut\u00e9nmentes, bio teljes ki\u0151rl\u00e9s\u0171 lisztekb\u0151l k\u00e9sz\u00fclt kenyerek cs\u00f6kkentett sz\u00e9nhidr\u00e1t-, magas rosttartalommal.","potentialAction":[{"@type":"SearchAction","target":{"@type":"EntryPoint","urlTemplate":"https:\/\/serfozoglutenfree.hu\/?s={search_term_string}"},"query-input":{"@type":"PropertyValueSpecification","valueRequired":true,"valueName":"search_term_string"}}],"inLanguage":"hu"}]}},"_links":{"self":[{"href":"https:\/\/serfozoglutenfree.hu\/index.php?rest_route=\/wp\/v2\/pages\/40","targetHints":{"allow":["GET"]}}],"collection":[{"href":"https:\/\/serfozoglutenfree.hu\/index.php?rest_route=\/wp\/v2\/pages"}],"about":[{"href":"https:\/\/serfozoglutenfree.hu\/index.php?rest_route=\/wp\/v2\/types\/page"}],"author":[{"embeddable":true,"href":"https:\/\/serfozoglutenfree.hu\/index.php?rest_route=\/wp\/v2\/users\/2"}],"replies":[{"embeddable":true,"href":"https:\/\/serfozoglutenfree.hu\/index.php?rest_route=%2Fwp%2Fv2%2Fcomments&post=40"}],"version-history":[{"count":20,"href":"https:\/\/serfozoglutenfree.hu\/index.php?rest_route=\/wp\/v2\/pages\/40\/revisions"}],"predecessor-version":[{"id":2595,"href":"https:\/\/serfozoglutenfree.hu\/index.php?rest_route=\/wp\/v2\/pages\/40\/revisions\/2595"}],"wp:attachment":[{"href":"https:\/\/serfozoglutenfree.hu\/index.php?rest_route=%2Fwp%2Fv2%2Fmedia&parent=40"}],"curies":[{"name":"wp","href":"https:\/\/api.w.org\/{rel}","templated":true}]}}